c8 (base 14) in base 2?
-10110000
What is -1f83 (base 16) in base 8?
-17603
-6249 (base 11) to base 14
-3037
4a8 (base 11) to base 16
25a
What is -520 (base 7) in base 4?
-10003
Convert -17432 (base 9) to base 8.
-27361
What is -478 (base 15) in base 13?
-5cc
What is 3702 (base 14) in base 16?
2586
Convert -10000000011111 (base 2) to base 16.
-201f
What is 89bb (base 12) in base 4?
3232133
What is 5281 (base 9) in base 3?
12022201
Convert -2010 (base 6) to base 9.
-536
What is -1312 (base 9) in base 2?
-1111010111
Convert -243 (base 13) to base 4.
-12021
-5331 (base 6) to base 3
-1122201
What is 11112011 (base 3) in base 10?
3298
-20031 (base 5) to base 10
-1266
-3809 (base 16) to base 2
-11100000001001
What is -14838 (base 9) in base 16?
-27b0
Convert 5252 (base 8) to base 15.
c20
What is -11032 (base 4) in base 15?
-174
Convert 784 (base 9) to base 16.
283
Convert -cb1 (base 14) to base 12.
-154b
What is -1434 (base 9) in base 8?
-2074
-4320 (base 5) to base 16
-249
What is 1220212001 (base 3) in base 15?
b301
3315 (base 12) to base 5
140013
Convert 2055 (base 13) to base 10.
4464
Convert -477 (base 16) to base 7.
-3222
10201110 (base 3) to base 13
1308
What is -231333 (base 4) in base 14?
-1103
What is 110110011100 (base 2) in base 15?
1074
What is 1e3 (base 16) in base 7?
1260
Convert -1724 (base 9) to base 3.
-1210211
Convert 11d3 (base 16) to base 3.
20021000
Convert -151 (base 7) to base 5.
-320
1000001001 (base 2) to base 15
24b
What is 123131 (base 5) in base 15?
1646
10b (base 12) to base 6
415
Convert -11110000100000 (base 2) to base 4.
-3300200
Convert 516 (base 16) to base 12.
906
Convert -100 (base 2) to base 12.
-4
What is -101100010010000 (base 2) in base 14?
-8396
Convert 1101 (base 6) to base 5.
2003
-2222 (base 4) to base 5
-1140
What is 8 (base 15) in base 12?
8
Convert 3302201 (base 4) to base 3.
210021212
Convert 10011000101001 (base 2) to base 3.
111101211
-55005 (base 7) to base 11
-a348
What is 2102200 (base 3) in base 10?
1773
Convert -361 (base 8) to base 14.
-133
What is -59c (base 16) in base 15?
-65b
Convert 2010 (base 7) to base 15.
313
Convert -2175 (base 8) to base 4.
-101331
-41420 (base 5) to base 11
-2067
What is -101001022 (base 3) in base 9?
-11038
What is 4250 (base 7) in base 14?
797
What is 10d0c (base 16) in base 14?
1b15a
-a64 (base 13) to base 8
-3354
-2011 (base 6) to base 7
-1165
Convert 34347 (base 9) to base 11.
16215
2400 (base 6) to base 8
1100
Convert 1101100100 (base 2) to base 12.
604
What is -1d2 (base 14) in base 2?
-101111100
What is 3367 (base 10) in base 15?
ee7
100111010111 (base 2) to base 16
9d7
What is 10202102 (base 3) in base 16?
ab2
-20444 (base 12) to base 11
-296a3
Convert 100101011110 (base 2) to base 8.
4536
What is -87c (base 15) in base 4?
-131331
What is 23a (base 15) in base 9?
621
What is -138 (base 9) in base 15?
-7b
What is 304411 (base 5) in base 2?
10011011111101
What is 6388 (base 9) in base 2?
1001001011001
Convert 349 (base 13) to base 12.
3b4
What is -723 (base 16) in base 12?
-1083
533 (base 15) to base 9
1543
20102 (base 3) to base 6
445
-1000110 (base 3) to base 13
-450
-1793 (base 10) to base 13
-a7c
What is -403150 (base 6) in base 3?
-1121122110
38645 (base 9) to base 5
1313132
716 (base 8) to base 6
2050
What is 5503 (base 9) in base 14?
1697
133b2 (base 14) to base 9
72007
Convert -57a (base 16) to base 2.
-10101111010
4ac8 (base 14) to base 3
122222122
Convert 1be3 (base 15) to base 13.
29b5
What is 31151 (base 6) in base 7?
15106
What is -1678 (base 11) in base 5?
-32032
-2034 (base 6) to base 5
-3304
Convert 2056 (base 9) to base 15.
6a9
66a6 (base 11) to base 14
3308
Convert -a30 (base 12) to base 3.
-2000200
-30003 (base 4) to base 11
-641
What is -3576 (base 8) in base 5?
-30133
Convert 153112 (base 6) to base 3.
202111122
What is a79 (base 15) in base 7?
6615
What is -1304021 (base 5) in base 4?
-12032213
1011010100100 (base 2) to base 8
13244
What is 1ee (base 15) in base 3?
121122
-111010100000111 (base 2) to base 14
-acbd
-10000011101 (base 2) to base 6
-4513
Convert -48a (base 14) to base 4.
-32022
What is -597b (base 12) in base 15?
-2e8b
Convert 10111110 (base 2) to base 13.
118
What is -120 (base 14) in base 3?
-22022
Convert -37045 (base 9) to base 15.
-7552
3613 (base 16) to base 5
420333
c70 (base 14) to base 11
1928
Convert -7451 (base 8) to base 12.
-22b5
4f0 (base 16) to base 13
763
What is -2003 (base 12) in base 4?
-312003
What is 166552 (base 7) in base 10?
33553
4345 (base 9) to base 15
e35
What is 597 (base 10) in base 12?
419
-1607 (base 10) to base 2
-11001000111
-10153 (base 10) to base 15
-301d
Convert 1102012220 (base 3) to base 13.
c8b2
-67 (base 10) to base 12
-57
1102211 (base 3) to base 6
4504
-2a06 (base 13) to base 6
-44110
What is 11111100101110 (base 2) in base 5?
1004144
-13255 (base 6) to base 8
-4003
Convert 489 (base 14) to base 4.
32021
What is -2142 (base 15) in base 7?
-26342
Convert -110221 (base 3) to base 6.
-1341
741 (base 12) to base 11
881
What is -10000222 (base 3) in base 4?
-202211
310300 (base 5) to base 7
41242
What is -2825 (base 9) in base 13?
-c7a
100112001 (base 3) to base 11
523a
Convert -42314 (base 7) to base 16.
-28d0
Convert -1010001101111 (base 2) to base 13.
-24c5
What is 31232 (base 4) in base 6?
4022
-3112 (base 5) to base 3
-120002
Convert 1d27 (base 15) to base 12.
3801
What is -490 (base 10) in base 16?
-1ea
3eb5 (base 16) to base 12
9359
112001011 (base 3) to base 13
4876
Convert -122153 (base 6) to base 13.
-4c41
Convert 33550 (base 6) to base 4.
1022022
Convert 993 (base 13) to base 8.
3151
-2310211 (base 4) to base 6
-125301
What is 113306 (base 8) in base 2?
1001011011000110
-30121231 (base 4) to base 14
-14725
What is -1110011101 (base 2) in base 7?
-2461
Convert 152523 (base 8) to base 5.
3221421
-3424 (base 5) to base 9
-603
-5325 (base 8) to base 16
-ad5
Convert 1111101111 (base 2) to base 5.
13012
What is 689 (base 10) in base 8?
1261
-50327 (base 8) to base 6
-235451
2521 (base 8) to base 5
20421
Convert 466 (base 10) to base 11.
394
-101 (base 10) to base 4
-1211
61d (base 14) to base 12
843
8a52 (base 13) to base 14
708d
Convert d05 (base 16) to base 10.
3333
What is 4423 (base 5) in base 15?
2ad
What is 16022 (base 10) in base 12?
9332
Convert 410 (base 10) to base 16.
19a
-320 (base 10) to base 14
-18c
What is -10341 (base 8) in base 11?
-3279
What is -120 (base 9) in base 5?
-344
1612 (base 9) to base 11
a15
Convert 31103 (base 11) to base 5.
2423003
37a (base 13) to base 7
1526
10e5 (base 16) to base 7
15416
What is -d4 (base 14) in base 16?
-ba
What is -2100012110 (base 3) in base 4?
-23033322
Convert 10010113 (base 4) to base 16.
4117
188 (base 10) to base 2
10111100
3080 (base 9) to base 16
8d3
Convert 20443 (base 11) to base 14.
ac17
Convert 185 (base 16) to base 15.
1ae
Convert 1be (base 16) to base 5.
3241
Convert 4166 (base 7) to base 5.
21334
938 (base 14) to base 5
24224
Convert -1011110011 (base 3) to base 4.
-11212033
What is -1da (base 15) in base 3?
-120221
Convert -1177 (base 15) to base 12.
-2194
-101 (base 11) to base 2
-1111010
b8d (base 14) to base 15
a21
What is -26312 (base 9) in base 10?
-17750
-725 (base 16) to base 15
-81e
Convert -36121 (base 7) to base 13.
-4324
What is 20352 (base 6) in base 5?
41412
What is 270 (base 12) in base 10?
372
What is 675 (base 11) in base 8?
1450
What is 110000000010010 (base 2) in base 11?
17529
Convert 747 (base 11) to base 6.
4054
What is 20053 (base 9) in base 7?
53253
What is -12557 (base 8) in base 2?
-1010101101111
100201 (base 4) to base 15
4a7
What is -3400 (base 5) in base 6?
-2111
4370 (base 8) to base 6
14344
What is 58c1 (base 14) in base 3?
210012111
Convert 33036 (base 7) to base 8.
20103
Convert 958d (base 15) to base 14.
b757
What is 17275 (base 8) in base 5?
222434
What is 465 (base 7) in base 9?
300
-b01 (base 14) to base 15
-98c
Convert -4532 (base 7) to base 5.
-23030
Convert 1b2 (base 12) to base 16.
116
1022011012 (base 3) to base 6
314352
-142404 (base 6) to base 2
-11010011100100
Convert 12002010 (base 3) to base 5.
104302
-2101330 (base 4) to base 3
-110210221
Convert 1341213 (base 5) to base 9.
41868
Convert 1223121 (base 4) to base 8.
15331
What is -100111111100100 (base 2) in base